{"id":873,"date":"2026-03-21T18:27:23","date_gmt":"2026-03-21T18:27:23","guid":{"rendered":"https:\/\/minevindel.com\/?page_id=873"},"modified":"2026-04-18T21:49:39","modified_gmt":"2026-04-18T21:49:39","slug":"curriculum","status":"publish","type":"page","link":"http:\/\/minevindel.com\/index.php\/curriculum\/","title":{"rendered":"Curr\u00edculum"},"content":{"rendered":"\n<p><\/p>\n\n\n<p><img loading=\"lazy\" decoding=\"async\" width=\"1299\" height=\"974\" class=\"wp-image-874\" src=\"http:\/\/minevindel.com\/wp-content\/uploads\/2026\/01\/imagen-que-contiene-parado-descripcion-generada-a-1.jpeg\" alt=\"Imagen que contiene parado\n\nDescripci\u00f3n generada autom\u00e1ticamente\" srcset=\"http:\/\/minevindel.com\/wp-content\/uploads\/2026\/01\/imagen-que-contiene-parado-descripcion-generada-a-1.jpeg 1299w, http:\/\/minevindel.com\/wp-content\/uploads\/2026\/01\/imagen-que-contiene-parado-descripcion-generada-a-1-300x225.jpeg 300w, http:\/\/minevindel.com\/wp-content\/uploads\/2026\/01\/imagen-que-contiene-parado-descripcion-generada-a-1-1024x768.jpeg 1024w, http:\/\/minevindel.com\/wp-content\/uploads\/2026\/01\/imagen-que-contiene-parado-descripcion-generada-a-1-768x576.jpeg 768w\" sizes=\"auto, (max-width: 1299px) 100vw, 1299px\" \/><\/p>\n<p>L\u00e1mina de cobre. Smithsonian Institution. Washington D.C. Foto E. Vindel.<\/p>\n<p>MAR\u00cdA ELENA VINDEL CATENA<\/p>\n<p>UNIVERSIDAD COMPLUTENSE<\/p>\n<p>FACULTAD CIENCIAS GEOL\u00d3GICAS<\/p>\n<p>DOCTORA EN GEOLOG\u00cdA<\/p>\n<p>ACTUALMENTE EST\u00c1 JUBILADA<\/p>\n<p>Correo electr\u00f3nico: evindel@minevindel.com<\/p>\n<p>Profesora de la Universidad Complutense desde 1976 ha desarrollado la mayor parte de su labor investigadora en el estudio de mineralizaciones de origen hidrotermal, tanto en cuencas sedimentarias como en ambientes magm\u00e1ticos. Los estudios se han realizado con la utilizaci\u00f3n de diversas t\u00e9cnicas, preferentemente an\u00e1lisis de inclusiones fluidas, geoqu\u00edmica de Tierras Raras, is\u00f3topos estables y radiog\u00e9nicos. Ha participado en 16 Proyectos de Investigaci\u00f3n del Plan Nacional y de la Universidad Complutense. Ha dirigido o co-dirigido 6 Tesis Doctorales y 11 Tesinas y DEA. Tiene m\u00e1s de 40 publicaciones de investigaci\u00f3n y ha participados en m\u00e1s de 70 congresos. Ha recibido 2 premios de Divulgaci\u00f3n Cient\u00edfica.<\/p>\n<p><strong>Premios<\/strong><\/p>\n<p>Primer Premio Modalidad Minivideo Cient\u00edfico. III Concurso de Divulgaci\u00f3n Cient\u00edfica de la UCM. \u201cLa aventura de la turquesa\u201d OTRI. Fundaci\u00f3n General Complutense (2010)<\/p>\n<p>Segundo Premio Modalidad Minivideo Cient\u00edfico. V Concurso de Divulgaci\u00f3n Cient\u00edfica de la UCM \u201cBuceando en el pasado\u201d OTRI. Fundaci\u00f3n General Complutense (2014)<\/p>\n<p><strong>El Canal en YouTube Geolog\u00eda &amp; Historia<\/strong> recoge una serie de videos sobre Geolog\u00eda, Mineralog\u00eda y Recursos Minerales y sus relaciones con Culturas antiguas y hechos hist\u00f3ricos. Los videos se han utilizado como recursos educativos en una ense\u00f1anza universitaria transversal a distintas disciplinas.<\/p>\n\n\n<p><\/p>\n","protected":false},"excerpt":{"rendered":"<p>L\u00e1mina de cobre. Smithsonian Institution. Washington D.C. Foto E. Vindel. MAR\u00cdA ELENA VINDEL CATENA UNIVERSIDAD COMPLUTENSE FACULTAD CIENCIAS GEOL\u00d3GICAS DOCTORA EN GEOLOG\u00cdA ACTUALMENTE EST\u00c1 JUBILADA Correo electr\u00f3nico: evindel@minevindel.com Profesora de la Universidad Complutense desde 1976 ha desarrollado la mayor parte de su labor investigadora en el estudio de mineralizaciones de origen hidrotermal, tanto en cuencas&hellip; <a class=\"more-link\" href=\"http:\/\/minevindel.com\/index.php\/curriculum\/\">Seguir leyendo <span class=\"screen-reader-text\">Curr\u00edculum<\/span><\/a><\/p>\n","protected":false},"author":1,"featured_media":0,"parent":0,"menu_order":0,"comment_status":"closed","ping_status":"closed","template":"","meta":{"footnotes":""},"class_list":["post-873","page","type-page","status-publish","hentry","entry"],"_links":{"self":[{"href":"http:\/\/minevindel.com\/index.php\/wp-json\/wp\/v2\/pages\/873","targetHints":{"allow":["GET"]}}],"collection":[{"href":"http:\/\/minevindel.com\/index.php\/wp-json\/wp\/v2\/pages"}],"about":[{"href":"http:\/\/minevindel.com\/index.php\/wp-json\/wp\/v2\/types\/page"}],"author":[{"embeddable":true,"href":"http:\/\/minevindel.com\/index.php\/wp-json\/wp\/v2\/users\/1"}],"replies":[{"embeddable":true,"href":"http:\/\/minevindel.com\/index.php\/wp-json\/wp\/v2\/comments?post=873"}],"version-history":[{"count":8,"href":"http:\/\/minevindel.com\/index.php\/wp-json\/wp\/v2\/pages\/873\/revisions"}],"predecessor-version":[{"id":1098,"href":"http:\/\/minevindel.com\/index.php\/wp-json\/wp\/v2\/pages\/873\/revisions\/1098"}],"wp:attachment":[{"href":"http:\/\/minevindel.com\/index.php\/wp-json\/wp\/v2\/media?parent=873"}],"curies":[{"name":"wp","href":"https:\/\/api.w.org\/{rel}","templated":true}]}}