{"id":809,"date":"2026-03-21T18:36:51","date_gmt":"2026-03-21T18:36:51","guid":{"rendered":"https:\/\/minevindel.com\/?page_id=809"},"modified":"2026-03-21T18:37:34","modified_gmt":"2026-03-21T18:37:34","slug":"bibliografia","status":"publish","type":"page","link":"http:\/\/minevindel.com\/index.php\/bibliografia\/","title":{"rendered":"Bibliograf\u00eda"},"content":{"rendered":"<p><strong>BIBLIOGRAF\u00cdA <\/strong><\/p>\n<p>Berry, L. G. y Mason, B. (1966): Mineralog\u00eda. 690 p\u00e1g. Editorial Aguilar.<\/p>\n<p>Carobbi, G. (1971): Trattato di Mineralogia. Vol. I y II. 856 p\u00e1g. Edizioni Scientifiche.<\/p>\n<p>Cornelius Klein y Cornelius S. Hurlbut, JR. (1997): Manual de Mineralog\u00eda. Vol. I y II. Cuarta Edici\u00f3n. 679 p\u00e1g. Editorial Revert\u00e9. S.A.<\/p>\n<p>Gal\u00e1n, E. y Mirete, S. (1979): Introducci\u00f3n a los minerales de Espa\u00f1a. 420 p\u00e1g. Instituto Geol\u00f3gico y Minero de Espa\u00f1a.<\/p>\n<p>Hochleitner, R. (1983): Minerales y rocas. Una gu\u00eda de identificaci\u00f3n. 250 p\u00e1g. Ediciones Omega. S.A.<\/p>\n<p>Nesse, W.D. (2000): Introduction to Mineralogy. 433 p\u00e1g. Oxford University Press.<\/p>\n","protected":false},"excerpt":{"rendered":"<p>BIBLIOGRAF\u00cdA Berry, L. G. y Mason, B. (1966): Mineralog\u00eda. 690 p\u00e1g. Editorial Aguilar. Carobbi, G. (1971): Trattato di Mineralogia. Vol. I y II. 856 p\u00e1g. Edizioni Scientifiche. Cornelius Klein y Cornelius S. Hurlbut, JR. (1997): Manual de Mineralog\u00eda. Vol. I y II. Cuarta Edici\u00f3n. 679 p\u00e1g. Editorial Revert\u00e9. S.A. Gal\u00e1n, E. y Mirete, S. (1979):&hellip; <a class=\"more-link\" href=\"http:\/\/minevindel.com\/index.php\/bibliografia\/\">Seguir leyendo <span class=\"screen-reader-text\">Bibliograf\u00eda<\/span><\/a><\/p>\n","protected":false},"author":1,"featured_media":0,"parent":0,"menu_order":0,"comment_status":"closed","ping_status":"closed","template":"","meta":{"footnotes":""},"class_list":["post-809","page","type-page","status-publish","hentry","entry"],"_links":{"self":[{"href":"http:\/\/minevindel.com\/index.php\/wp-json\/wp\/v2\/pages\/809","targetHints":{"allow":["GET"]}}],"collection":[{"href":"http:\/\/minevindel.com\/index.php\/wp-json\/wp\/v2\/pages"}],"about":[{"href":"http:\/\/minevindel.com\/index.php\/wp-json\/wp\/v2\/types\/page"}],"author":[{"embeddable":true,"href":"http:\/\/minevindel.com\/index.php\/wp-json\/wp\/v2\/users\/1"}],"replies":[{"embeddable":true,"href":"http:\/\/minevindel.com\/index.php\/wp-json\/wp\/v2\/comments?post=809"}],"version-history":[{"count":2,"href":"http:\/\/minevindel.com\/index.php\/wp-json\/wp\/v2\/pages\/809\/revisions"}],"predecessor-version":[{"id":994,"href":"http:\/\/minevindel.com\/index.php\/wp-json\/wp\/v2\/pages\/809\/revisions\/994"}],"wp:attachment":[{"href":"http:\/\/minevindel.com\/index.php\/wp-json\/wp\/v2\/media?parent=809"}],"curies":[{"name":"wp","href":"https:\/\/api.w.org\/{rel}","templated":true}]}}