{"id":642,"date":"2026-03-21T18:40:05","date_gmt":"2026-03-21T18:40:05","guid":{"rendered":"https:\/\/minevindel.com\/?page_id=642"},"modified":"2026-03-21T18:40:05","modified_gmt":"2026-03-21T18:40:05","slug":"tema-9","status":"publish","type":"page","link":"http:\/\/minevindel.com\/index.php\/tema-9\/","title":{"rendered":"Tema 9"},"content":{"rendered":"\n<p><\/p>\n\n\n<p><strong>9. SOROSILICATOS<\/strong>\n<\/p>\n<p><strong>GRUPO DE LA EPIDOTA<\/strong>\n<\/p>\n<p>\n  F\u00f3rmula:\n<\/p>\n<p>\n  CLINOZOISITA Ca<sub>2 <\/sub>Al<sub>3<\/sub>O (SiO<sub>4<\/sub>) (Si<sub>2<\/sub>O<sub>7<\/sub>) (OH)<sub> <\/sub>\n<\/p>\n<p>\n  EPIDOTA Ca<sub>2 <\/sub>(Al, Fe<sup>3+<\/sup>)<sub> <\/sub>Al<sub>2<\/sub>O (SiO<sub>4<\/sub>) (Si<sub>2<\/sub>O<sub>7<\/sub>) (OH)<sub> <\/sub>\n<\/p>\n<p>\n  Sistema cristalino: Monocl\u00ednico.\n<\/p>\n<p>\n  Forma y h\u00e1bito: Los cristales son alargados, paralelos al eje b. Maclas seg\u00fan {100}. Granular entre fino y grueso. Tambi\u00e9n fibroso.  Estriaci\u00f3n paralela a eje b.\n<\/p>\n<p><strong>Propiedades f\u00edsicas: <\/strong>\n<\/p>\n<p>\n  Color: Epidota: verde, amarillo verdoso y negro. Clinozoisita: verde p\u00e1lido a gris.\n<\/p>\n<p>\n  Exfoliaci\u00f3n: perfecta  seg\u00fan {001} e imperfecta seg\u00fan {100}.\n<\/p>\n<p>\n  Fractura irregular.\n<\/p>\n<p>\n  Raya: Gris.\n<\/p>\n<p>\n  Brillo: V\u00edtreo.\n<\/p>\n<p>\n  Dureza: <strong>H <\/strong>6 &#8211; 7\n<\/p>\n<p>\n  Peso espec\u00edfico: <strong>G <\/strong>3,25 \u2013 3,45 g\/cm<sup>3<\/sup>\n<\/p>\n<p><strong>Composici\u00f3n:<\/strong> Una soluci\u00f3n s\u00f3lida completa, que se extiende desde la clinozoisita (Al:Fe<sup>3+<\/sup> = 3:0) a la epidota (Al:Fe<sup>3+<\/sup> = 2:1).\n<\/p>\n<p>\n  <img loading=\"lazy\" decoding=\"async\" width=\"1299\" height=\"903\" alt=\"G:\\2_FOTOS\\FOTOS DE GEOLOGIA\\FOTOS MUSEO VITORIA\\DSC03123.JPG\" src=\"http:\/\/minevindel.com\/wp-content\/uploads\/2026\/01\/g-2_fotos-fotos-de-geologia-fotos-museo-vitoria-d.jpeg\" class=\"wp-image-643\" srcset=\"http:\/\/minevindel.com\/wp-content\/uploads\/2026\/01\/g-2_fotos-fotos-de-geologia-fotos-museo-vitoria-d.jpeg 1299w, http:\/\/minevindel.com\/wp-content\/uploads\/2026\/01\/g-2_fotos-fotos-de-geologia-fotos-museo-vitoria-d-300x209.jpeg 300w, http:\/\/minevindel.com\/wp-content\/uploads\/2026\/01\/g-2_fotos-fotos-de-geologia-fotos-museo-vitoria-d-1024x712.jpeg 1024w, http:\/\/minevindel.com\/wp-content\/uploads\/2026\/01\/g-2_fotos-fotos-de-geologia-fotos-museo-vitoria-d-768x534.jpeg 768w\" sizes=\"auto, (max-width: 1299px) 100vw, 1299px\" \/>\n<\/p>\n<p>\n  Epidota con cuarzo. Museo de Ciencias Naturales de \u00c1lava. Foto E. Vindel.\n<\/p>\n<p>\n  <img loading=\"lazy\" decoding=\"async\" width=\"1299\" height=\"863\" alt=\"C:\\Users\\Miguel Angel\\Desktop\\Museo de Vitoria\\DSC09373.JPG\" src=\"http:\/\/minevindel.com\/wp-content\/uploads\/2026\/01\/c-users-miguel-angel-desktop-museo-de-vitoria-dsc-9.jpeg\" class=\"wp-image-644\" srcset=\"http:\/\/minevindel.com\/wp-content\/uploads\/2026\/01\/c-users-miguel-angel-desktop-museo-de-vitoria-dsc-9.jpeg 1299w, http:\/\/minevindel.com\/wp-content\/uploads\/2026\/01\/c-users-miguel-angel-desktop-museo-de-vitoria-dsc-9-300x199.jpeg 300w, http:\/\/minevindel.com\/wp-content\/uploads\/2026\/01\/c-users-miguel-angel-desktop-museo-de-vitoria-dsc-9-1024x680.jpeg 1024w, http:\/\/minevindel.com\/wp-content\/uploads\/2026\/01\/c-users-miguel-angel-desktop-museo-de-vitoria-dsc-9-768x510.jpeg 768w\" sizes=\"auto, (max-width: 1299px) 100vw, 1299px\" \/>\n<\/p>\n<p>\n  Epidota. Museo de Ciencias Naturales de \u00c1lava. Foto E. Vindel. \n<\/p>","protected":false},"excerpt":{"rendered":"<p>9. SOROSILICATOS GRUPO DE LA EPIDOTA F\u00f3rmula: CLINOZOISITA Ca2 Al3O (SiO4) (Si2O7) (OH) EPIDOTA Ca2 (Al, Fe3+) Al2O (SiO4) (Si2O7) (OH) Sistema cristalino: Monocl\u00ednico. Forma y h\u00e1bito: Los cristales son alargados, paralelos al eje b. Maclas seg\u00fan {100}. Granular entre fino y grueso. Tambi\u00e9n fibroso. Estriaci\u00f3n paralela a eje b. Propiedades f\u00edsicas: Color: Epidota: verde,&hellip; <a class=\"more-link\" href=\"http:\/\/minevindel.com\/index.php\/tema-9\/\">Seguir leyendo <span class=\"screen-reader-text\">Tema 9<\/span><\/a><\/p>\n","protected":false},"author":1,"featured_media":0,"parent":0,"menu_order":0,"comment_status":"closed","ping_status":"closed","template":"","meta":{"footnotes":""},"class_list":["post-642","page","type-page","status-publish","hentry","entry"],"_links":{"self":[{"href":"http:\/\/minevindel.com\/index.php\/wp-json\/wp\/v2\/pages\/642","targetHints":{"allow":["GET"]}}],"collection":[{"href":"http:\/\/minevindel.com\/index.php\/wp-json\/wp\/v2\/pages"}],"about":[{"href":"http:\/\/minevindel.com\/index.php\/wp-json\/wp\/v2\/types\/page"}],"author":[{"embeddable":true,"href":"http:\/\/minevindel.com\/index.php\/wp-json\/wp\/v2\/users\/1"}],"replies":[{"embeddable":true,"href":"http:\/\/minevindel.com\/index.php\/wp-json\/wp\/v2\/comments?post=642"}],"version-history":[{"count":1,"href":"http:\/\/minevindel.com\/index.php\/wp-json\/wp\/v2\/pages\/642\/revisions"}],"predecessor-version":[{"id":645,"href":"http:\/\/minevindel.com\/index.php\/wp-json\/wp\/v2\/pages\/642\/revisions\/645"}],"wp:attachment":[{"href":"http:\/\/minevindel.com\/index.php\/wp-json\/wp\/v2\/media?parent=642"}],"curies":[{"name":"wp","href":"https:\/\/api.w.org\/{rel}","templated":true}]}}